- 165411/36)?
4
Suppose 4*w = -3*s + 9, -5*w - 3*s + 13 = -s. Suppose -w*p - 7*p = -50. Suppose 5*z = 4*j + 125, 100 = 5*z - z - p*j. What is the units digit of z?
5
Suppose 375*i = 372*i + 1896. Let z = i + -360. What is the units digit of z?
2
Let x = -10317 - -45068. What is the ten thousands digit of x?
3
What is the tens digit of (-55)/(-4)*(-5488)/(-70)?
7
Let x(i) = -2*i**3 - 5*i**2 - 3*i + 6. Let g be x(-6). Suppose 1065 = 87*j - 1110. Suppose j*a = 28*a - g. What is the tens digit of a?
9
Let h(b) = -13*b + 36. Let z be h(9). Let k = z - -75. What is the tens digit of 212/k*(-7 + (0 - -4))?
0
Let b = 123 - -133. Let q = b + -175. What is the tens digit of q?
8
Let c(m) = m**3 + 2*m**2 - 7*m - 4. Let k be c(-5). Let l = k + -9. Let p = 168 + l. What is the units digit of p?
5
Let f = 5 - 66. Let v = 66 + f. What is the units digit of (388/10)/(2/v)?
7
Suppose 0 = 27*g - 1475896 - 59756. What is the thousands digit of g?
6
Let h(z) = z**3 + z**2 + 4. Let s be h(-3). What is the hundreds digit of 0 + (236 - 2) + s + 12?
2
Let v = -24 - -45. Let p be 14/v + (-10)/6. What is the units digit of (-4 + (-3 - 0))*p*1?
7
Let p(b) = b**3 - 2*b**2 + 7*b - 6. Let r be p(5). Let a = 421 - r. What is the tens digit of a?
1
Let h = 6170 + -2285. Suppose 3*d - h = -3*u, -2*u - 2*u + 5*d + 5180 = 0. What is the tens digit of u?
9
Suppose -5*d + 4*k = 8*k, 2*d - 4*k = 0. Let c be (d/(-1 + 4) - -3) + -241. What is the tens digit of (4/(-2) + (-3)/(-2))*c?
1
Let o(m) = 21 + 0*m - 11*m - 2*m**3 - 16 - 9 + m**2 + 0*m**2. What is the units digit of o(-5)?
6
Let m be 3/(-3) - (-51)/(-3). Let f be 1/(m/(-4)) + (-7)/(-9). What is the tens digit of (-3*f)/((-10)/130)?
3
Suppose 5*w = -2*x - 118, -5*x + 3*w - 146 = 87. Let s = 157 + x. What is the units digit of s?
8
Let m = 610 + 395. Suppose 0 = -2*j - p + 406, -5*p = 7*j - 2*j - m. What is the tens digit of j?
0
Suppose 1511 = 10*l - 29. Let b = 267 - l. Let x = -104 + b. What is the units digit of x?
9
Let t = -7 - 8. Let s be (-42)/t - ((-4)/(-2))/(-10). What is the units digit of 2 + 0 - s - -86?
5
Let o = 39 + -22. Let t = o - 19. What is the tens digit of (-3 - 777/(-9)) + t/(-3)?
8
Suppose 0 = -u - 2*k + 3444 + 2985, -3*u - 3*k = -19278. What is the units digit of u?
3
Suppose 9*k + 3537 = -882. Let b = k + 1154. What is the hundreds digit of b?
6
Suppose 5*v - 3*s - 24 = 0, 0 = 3*v - 0*s - s - 16. Let b(y) = 11*y - 10. Let j be b(v). Suppose -84 = -4*u + j. What is the units digit of u?
5
Suppose z = x - 3*x - 5, 0 = -z + 4*x + 25. What is the units digit of z + (-18972)/(-42) - (-2)/7?
7
Let g(k) be the first derivative of -39*k**2/2 - 152*k - 60. What is the hundreds digit of g(-12)?
3
Suppose 4*s - 15*c = -18*c + 10896, 8172 = 3*s + c. What is the units digit of s?
4
Let l be ((-20)/(-8) - 2) + 10612/(-8). Let q = l - -2159. Suppose 3*c + q = 10*c. What is the tens digit of c?
1
Suppose -98*s + 101*s - 12 = 0. Suppose 5*n + l - 4708 = 0, -20*l = s*n - 19*l - 3766. What is the units digit of n?
2
Suppose 4*a + k - 48 + 330 = 0, -10 = -5*k. Suppose -3*y - 14*y + 1887 = 0. Let i = y + a. What is the units digit of i?
0
Suppose 191*w = 325*w - 173*w + 2501148. What is the thousands digit of w?
4
Let n be ((-174)/9)/(2/(-6)). Let p = -353 - -355. Suppose p*c + 4 - n = 0. What is the tens digit of c?
2
Suppose -5*m + 25514 = -5*l - 148736, -139403 = -4*m + 3*l. What is the thousands digit of m?
4
Suppose 2*j + r - 67640 = 0, -273*r = j - 278*r - 33864. What is the thousands digit of j?
3
Let b(r) = r**2 - 22*r + 116. Let g be b(15). What is the hundreds digit of (-85552)/(-88) + (-2)/g - 2?
9
Suppose -f = -3*j, -3*j = 5*f - 2*j. Suppose 0 = -3*k - h + 2935, 3*h - 2*h - 1 = f. What is the units digit of k?
8
Let t = 34 - 28. Suppose 3*m - t*m + 132 = 0. Suppose -3*a + d - m = -4*a, 0 = -5*a + d + 226. What is the tens digit of a?
4
Suppose -4*t - y + 11676 = 0, -22 = -5*y - 2. What is the units digit of t?
8
Suppose -19*f = -17*f - 118. Let u = f - -291. What is the units digit of u?
0
Suppose -211*g - 222*g + 442*g - 136962 = 0. What is the ten thousands digit of g?
1
Suppose 5617 = -18*c + 23329. Suppose -10*p = -c - 1286. What is the hundreds digit of p?
2
Let m(z) be the first derivative of -z**4/4 - 5*z**3/3 - z**2/2 + 226*z - 66. What is the hundreds digit of m(0)?
2
Let p = 3 - -6. Let g be 2/p - (5 + 316/(-36)). Suppose 3*f - 304 = -s, 102 + 304 = g*f + s. What is the tens digit of f?
0
Let u = 7761 - 4809. What is the hundreds digit of u?
9
Let z be (-2)/(102/(-33) - -3). Suppose -8554 = -z*i + 8*i. What is the hundreds digit of i?
6
Let v = 87 - 42. Suppose 15*d = 6*d + v. Suppose 2*w - 58 = -4*n, n + 0*w = -d*w + 19. What is the units digit of n?
4
Let k(r) = -153*r + 1395. What is the hundreds digit of k(-130)?
2
Let l = 68 + -68. Suppose 5*n + 4*n - 1800 = l. What is the tens digit of n?
0
Let x(a) = 342*a**2 + 112*a - 218. What is the thousands digit of x(-12)?
7
Suppose 0 = -2*k + 600 - 2718. Let g = -556 - k. What is the hundreds digit of g?
5
Let k(o) = -o**3 - 20*o**2 - 81*o - 13. What is the tens digit of k(-23)?
3
Let x = -6 + -392. Let i = x - -718. Suppose -i = -6*k + 2*k. What is the tens digit of k?
8
Let a be 2/7 - (-1113)/49. Suppose 0 = -a*x + 10*x + 4329. What is the hundreds digit of x?
3
Suppose 0 = 168*p - 150*p + 9738. Let b = p - -998. What is the tens digit of b?
5
Let l(q) = 63*q**2 - 7*q. Let h be l(5). Suppose -60*x = -64*x + h. What is the tens digit of x?
8
Suppose -2*l + 15 + 6 = -3*a, 4*a - 6 = -3*l. Suppose 0 - l = -2*d. Suppose 2*j = 3*c + d*j - 587, -c + 4*j = -187. What is the units digit of c?
5
Let j = -3 - -3. Let q = 4149 + -4147. Suppose -x + 4*k + 185 = j, 0 = 5*x - k + q*k - 967. What is the hundreds digit of x?
1
Let r(a) = 4*a**2 + 10*a + 2. Let b(f) = -f**2 + f - 1. Let s(q) = -2*b(q) - r(q). Let y be s(-5). Suppose -y*k + 496 = -6*k. What is the hundreds digit of k?
1
Let a = -845 + 473. Let q = -302 - a. What is the tens digit of q?
7
Let o = 379 - 379. What is the units digit of (o + 1)*(-243 + 12)/(-7)?
3
Suppose -67102 = -43*t + 12441 + 32343. What is the units digit of t?
2
Suppose 45*l + 45328 = 525568. What is the tens digit of l?
7
Suppose 2*x = -2*n - 14, 2*n + 5 = -4*x - 11. Let m be (n/4 + 1)*(-1 + 1). Suppose 0 = q, -q = -m*w + w - 88. What is the units digit of w?
8
Suppose -9*w - 878 = 130. What is the tens digit of (80472/w)/((-3)/4)?
5
Let v(p) = p**2 - 158*p**3 + 4 - 62*p + 32*p**3 + 67*p. Let i = 136 + -137. What is the units digit of v(i)?
6
What is the tens digit of ((-2305)/50 - 12/30)*(-3656)/6?
3
Let x be 2105/(-20) + 1/4. Let v = x - -183. Suppose -3*m = -63 - v. What is the tens digit of m?
4
Let p = 39530 - 12978. What is the thousands digit of p?
6
Suppose 5*f = -0*c - 2*c + 59, 4*f + 23 = c. Suppose 3*z = -c + 114. Suppose z + 127 = 6*m. What is the units digit of m?
6
Suppose 0 = -17*a - 42*a + 950667. What is the thousands digit of a?
6
Suppose -36*d - 82431 + 352395 = 0. What is the thousands digit of d?
7
Let d = 270 + -265. Suppose 2*c = -2*i + 1012, 1409 = -d*c - i + 3947. What is the hundreds digit of c?
5
Let t = -22 + 23. Suppose 2*q - 5 = -t. Suppose 300 = q*b + 72. What is the tens digit of b?
1
Suppose -400*j - 294336 = -409*j + 266247. What is the tens digit of j?
8
Suppose -5*d + 15972 = -4*u + 8*u, -4*d + 3*u = -12759. Suppose 10*k - 4*n = 7*k + d, -4*k + 4281 = 3*n. What is the units digit of k?
8
Suppose -1829 = -3*t - 4*r + 3303, -4*t = r - 6834. Suppose 33*d - t = 29*d. What is the units digit of d?
7
Let n(i) be the third derivative of i**6/120 + i**5/20 - i**4/24 - i**3/2 - i**2. Let r be 9/2 - (-4 + (-27)/(-6)). What is the hundreds digit of n(r)?
1
Let x = -34 - -78. Let a = x + -41. Suppose 78 = a*i - 3*g, 2*g + 2*g = -5*i + 130. What is the units digit of i?
6
Suppose -45 = 3*o - 4*m - 17, 0 = -3*o + 3*m - 27. Let u be (27/(-36)*-2)/((-6)/o). What is the units digit of (57/u)/((-51)/(-34))?
9
Let b = -45 + -6. Let s = 29 + b. Let k = s - -175. What is the tens digit of k?
5
Let n = 1 + 14. Suppose n*j = 10*j - 5360. What is the tens digit of (-8)/14 + j/(-14)?
7
Let n(j) = j**3 - 8*j**2 - 8*j - 9. Let g be n(9). Suppose g = -5*a + 4*a - 183. Let w = a - -293. What is the units digit of w?
0
What